33
Let f(q) = -q**3 + 13*q**2 - 12*q. Give f(12).
0
Let h(m) = -12*m**2 + 32*m + 1. Calculate h(3).
-11
Let t(c) = 13*c + 18. Calculate t(-2).
-8
Let x(m) = m**3 - 8*m**2 - 9*m - 4. Give x(9).
-4
Let v(x) = x**2 + 3*x + 24. What is v(0)?
24
Let i(k) = -7*k + 4. Determine i(-2).
18
Let t(h) = 5*h - 9. Calculate t(4).
11
Let v(y) = -y**2 - 14*y + 24. What is v(-17)?
-27
Let l(w) = -w**3 + 16*w**2 + 16*w + 11. Give l(17).
-6
Let f(k) = 5*k + 2. Determine f(-3).
-13
Let p(x) = x**2 + x + 9. What is p(0)?
9
Let y(o) = -68*o - 275. What is y(-4)?
-3
Let m(d) = 42*d**2 - 89*d + 1. What is m(2)?
-9
Let i(y) = -3*y**3 - 5*y**2 + 2*y + 6. Determine i(-4).
110
Let n(u) = 4*u**3 + 2*u**2 + 2*u + 1. What is n(-1)?
-3
Let r(o) = o**3 + 17*o**2 + 14*o - 19. Determine r(-16).
13
Let d(x) = 8*x**3 - 2*x**2 - 3*x + 2. Determine d(2).
52
Let t(m) = -10*m + 216. Determine t(23).
-14
Let i(f) = f**2 + 8*f + 2. Determine i(-11).
35
Let l(m) = 2*m - 9. What is l(8)?
7
Let r(c) = 3*c**2 + 16*c - 6. Determine r(-6).
6
Let n(t) = t**3 - 4*t**2 - 3*t - 16. Give n(5).
-6
Let f(b) = -b**2 - 13*b + 3. Determine f(-13).
3
Let c(a) = -18*a - 1. Calculate c(-2).
35
Let p(l) = l**2 - 2. Calculate p(-4).
14
Let k(u) = -u**2 + 11*u - 12. Give k(8).
12
Let a(c) = -15*c**2 + c - 1. Calculate a(1).
-15
Let u(a) = a**2 + 15*a - 26. Calculate u(-17).
8
Let u(z) = -z**3 + 3*z**2 + 5*z - 1. What is u(4)?
3
Let z(k) = 3*k**3 - k**2 - 9*k + 13. Determine z(2).
15
Let s(a) = 22*a**3 + a**2 + a + 1. What is s(-1)?
-21
Let i(u) = -u**3 - 9*u**2 - 3*u - 9. What is i(-9)?
18
Let k(z) = 2*z**2 - 86*z + 87. What is k(42)?
3
Let f(z) = -z**3 + 6*z**2 - 7*z - 1. What is f(5)?
-11
Let b(a) = -7*a + 35. What is b(7)?
-14
Let l(w) = w**3 + 5*w**2 - 5*w + 1. Determine l(-6).
-5
Let g(d) = -d**3 + 7*d**2 - 25*d + 37. Determine g(3).
-2
Let d(h) = 6*h**2 - 7*h - 3. Determine d(4).
65
Let w(p) = p**3 - 9*p + 2. Calculate w(3).
2
Let i(x) = -x - 9. Calculate i(-10).
1
Let k(i) = -15*i + 13. Determine k(1).
-2
Let o(y) = -y + 50. Determine o(-12).
62
Let i(u) = 2*u**2 + 7*u + 6. What is i(-4)?
10
Let d(g) = -g**2 + 5*g + 10. What is d(6)?
4
Let i(g) = 17*g + 3. Calculate i(1).
20
Let i(p) = -p - 1. Give i(1).
-2
Let a(c) = c**2 - 12*c + 8. Calculate a(11).
-3
Let z(f) = -11*f**2 + 404*f + 110. Give z(37).
-1
Let l(m) = 2*m**2 + 10*m + 8. What is l(-6)?
20
Let a(h) = h**2 + 26*h + 33. Give a(-25).
8
Let o(z) = 4*z**3 + z**2 + 3*z + 2. What is o(-1)?
-4
Let t(i) = -i**2 - i - 24. Determine t(0).
-24
Let l(w) = -9*w + 10. Determine l(4).
-26
Let v(c) = 4*c + 33. Give v(-9).
-3
Let h(y) = y**2 + 7*y - 7. What is h(-8)?
1
Let f(n) = -7*n - 3. What is f(-2)?
11
Let i(j) = 4*j - 15. Give i(5).
5
Let k(g) = -g**3 - 20*g**2 - 37*g - 21. Give k(-18).
-3
Let v(o) = -o**2 + 23*o + 6. What is v(0)?
6
Let o(j) = -16*j - 253. Give o(-16).
3
Let c(m) = -3*m + 94. Calculate c(28).
10
Let v(b) = b**3 - 12*b**2 + 23*b - 7. Calculate v(6).
-85
Let w(j) = j**2 + j + 3. What is w(8)?
75
Let w(q) = q**3 - 11*q**2 + q - 11. Determine w(11).
0
Let p(o) = -7*o + 7. Calculate p(4).
-21
Let c(d) = -d**2 + 5*d - 21. Calculate c(4).
-17
Let p(y) = -12*y - 45. Determine p(-5).
15
Let b(g) = -g**2 + 9. Calculate b(0).
9
Let l(v) = -v**2 + 14*v - 1. Determine l(15).
-16
Let n(w) = -w**3 + 6*w**2 + 17*w - 10. Give n(8).
-2
Let c(k) = -46*k - 1. Calculate c(1).
-47
Let h(d) = 18*d + 8. Determine h(6).
116
Let t(u) = -5*u - 12. Calculate t(-6).
18
Let z(f) = f**3 - 7*f**2 - 3*f + 19. Determine z(7).
-2
Let o(j) = 2*j**2 + 2*j - 58. What is o(0)?
-58
Let v(s) = -s**3 + 2*s**2 - 5*s + 6. Determine v(4).
-46
Let r(l) = -l**3 + 5*l**2 - l - 4. What is r(5)?
-9
Let y(q) = q**3 + 21*q**2 + 76*q - 61. What is y(-16)?
3
Let q(h) = -h**3 - 5*h**2 - 2*h - 2. Calculate q(-4).
-10
Let y(i) = -25*i - 140. What is y(-6)?
10
Let u(v) = 2*v + 37. Give u(-20).
-3
Let v(f) = f**3 + 10*f**2 + 7*f + 12. Determine v(-9).
30
Let y(s) = -s**2 + 14*s - 5. Give y(7).
44
Let w(x) = -2*x**3 + 29*x**2 - 19*x + 51. Give w(14).
-19
Let m(r) = 2*r**3 + 3*r**2 + 5*r + 6. Give m(-2).
-8
Let b(t) = t - 21. Determine b(0).
-21
Let g(c) = 6*c**3 + 11*c**2 - 5*c - 3. Calculate g(-2).
3
Let b(y) = y**3 + 8*y**2 - 13*y - 10. What is b(-9)?
26
Let k(f) = f**3 + 10*f**2 - 4*f + 22. Determine k(-11).
-55
Let s(b) = -3*b**2 - 67*b - 36. Calculate s(-22).
-14
Let c(r) = 2*r**3 - 21*r**2 + 9*r - 1. Calculate c(10).
-11
Let y(m) = 2*m - 49. What is y(22)?
-5
Let v(h) = -h**3 - 7*h**2 + 7*h + 6. Determine v(-7).
-43
Let f(y) = 4*y + 67. Give f(-22).
-21
Let o(b) = b**2 + 8*b - 1. Calculate o(-10).
19
Let m(p) = -5*p + 6. Give m(-4).
26
Let b(j) = -2*j**2 + j - 1. What is b(1)?
-2
Let k(m) = -6*m - 235. Determine k(-40).
5
Let b(u) = 4*u - 24. What is b(13)?
28
Let h(w) = w**2 - 4*w - 41. Determine h(8).
-9
Let w(x) = x**3 + 6*x**2 - 9*x - 18. Calculate w(-7).
-4
Let g(o) = 3*o**3 - 7*o**2 - 2*o + 5. Calculate g(3).
17
Let a(k) = k**2 - 5*k + 2. Determine a(7).
16
Let f(d) = d + 15. Calculate f(10).
25
Let j(h) = h**3 + 6*h**2 - 10*h - 4. Determine j(-7).
17
Let p(v) = -14*v - 10. Determine p(-1).
4
Let j(x) = -4*x - 7. Calculate j(-9).
29
Let b(q) = 4*q**2 + 6*q - 3. What is b(-3)?
15
Let b(v) = -2*v + 46. Calculate b(21).
4
Let f(x) = 4*x + 1. Calculate f(5).
21
Let u(n) = -5*n**2 + 9*n + 20. Give u(-2).
-18
Let v(b) = -b**3 - b**2 - 3*b - 4. Determine v(-2).
6
Let z(x) = x + 6. Give z(5).
11
Let f(j) = j**2 - 9*j + 24. Give f(6).
6
Let i(r) = -2*r + 11. What is i(9)?
-7
Let d(h) = -12*h + 10. What is d(6)?
-62
Let j(o) = -o**3 + 12*o**2 - 5*o + 6. Determine j(11).
72
Let j(y) = -y**3 - 14*y**2 + 16*y + 22. Give j(-15).
7
Let l(w) = -w**3 - 24*w**2 + 12. Give l(-24).
12
Let l(i) = -i - 21. Give l(6).
-27
Let b(a) = -a + 22. What is b(0)?
22
Let g(f) = 10*f + 225. Determine g(-23).
-5
Let g(t) = t**3 + t**2 - t + 8. What is g(0)?
8
Let l(x) = -x**2 - 10*x + 17. Calculate l(-11).
6
Let p(g) = -g**3 + 31*g**2 - 30*g - 6. Give p(30).
-6
Let m(h) = 3*h - 24. What is m(0)?
-24
Let g(x) = x - 25. Calculate g(15).
-10
Let w(y) = y**2 - 12*y + 30. Calculate w(6).
-6
Let g(n) = 4*n**2 - 4*n + 4. Determine g(2).
12
Let v(f) = -f**2 - 18*f + 19. Calculate v(-17).
36
Let t(w) = w**2 - 14*w + 9. Calculate t(6).
-39
Let z(y) = 4*y - 55. Give z(8).
-23
Let d(j) = -j**2 + 21*j + 5. Calculate d(22).
-17
Let h(o) = 2*o**2 + 74*o + 143. Calculate h(-35).
3
Let l(m) = -m**3 - 2*m**2 - m - 2. Determine l(-2).
0
Let w(f) = 23*f**2 - 2*f - 5. Calculate w(3).
196
Let y(r) = 36*r + 382. Calculate y(-11).
-14
Let x(q) = -q + 110. Calculate x(34).
76
Let w(j) = -j**2 - 11*j - 16. Determine w(-8).
8
Let l(b) = -b**3 - 8*b**2 + b + 18. Calculate l(-8).
10
Let m(u) = 3*u - 8. Determine m(3).
1
Let x(v) = -v**2 - 8*v + 5. Determine x(-7).
12
Let q(d) = -8*d + 5. Give q(2).
-11
Let h(n) = -3*n**2 - 9*n + 6. Give h(3).
-48
Let l(w) = w**2 - 21*w + 75. What is l(6)?
-15
Let m(x) = -x**3 + 6*x**2 - 2*x + 11. Calculate m(6).
-1
Let n(q) = -q**3 + 35*q**2 - 95*q - 30. Give n(32).
2
Let b(a) = a**2 - 3*a + 1. Determine b(2).
-1
Let l(k) = -2*k**2 - 11*k - 7. What is l(0)?
-7
Let m(n) = n + 17. Calculate m(-8).
9
Let x(g) = g**3 - 9*g**2 - g + 76. What is x(8)?
4
Let a(b) = b**2 + 14*b + 58. What is a(-8)?
10
Let g(n) = -n**3 - 3*n**2 - 2*n + 2. Give g(-3).
8
Let i(u) = u**2 - 3. Calculate i(0).
-3
Let l(h) = -h**3 - 33*h**2 + 37*h + 30. What is l(-34)?
-72
Let m(n) = -2*n - 6. Calculate m(-9).
12
Let d(v) = 28*v + 335. Determine d(-12).
-1
Let a(x) = -x**2 - 2*x + 1. Calculate a(0).
1
Let n(g) = 9*g + 24. Give n(-3).
-3
Let a(j) = j**3 + 22*j**2 - 48*j - 10. Calculate a(-24).
-10
Let k(q) = -q**3 + 20*q**2 - 21*q - 18. Determine k(19).
-56
Let d(m) = -5*m + 11. Calculate d(5).
-14
Let r(i) = i + 3. What is r(5)?
8
Let q(r) = -r**3 + r**2 + 1. What is q(0)?
1
Let n(r) = -r**2 - 9*r + 51. What is n(-12)?
15
Let g(q) = -2*q**2 + 92*q - 495. Calculate g(6).
-15
Let t(c) = c**2 - 3*c + 10. Calculate t(5).
20
Let b(u) = 4*u - 20. Calculate b(-6).
-44
Let o(z) = -z**2 + 8*z - 13. Calculate o(6).
-1
Let a(x) = x**2 - 19*x + 59. Determine a(15).
-1
Let t(d) = 2*d**2 + 5*d - 4. Give t(-5).
21
Let p(u) = -u**2 - 14*u - 7. Determine p(-13).
6
Let r(d) = -d**3 - 5*d**2 + 4*d + 4. What is r(-4)?
-28
Let b(h) = h**3 - 2. Calculate b(